
1
Let y(r) = -r**3 - 9*r**2 + 9*r - 7. Calculate y(-10).
3
Let j(y) = 19*y - 147. Determine j(8).
5
Let j(d) = 8*d + 2. Determine j(10).
82
Let k(h) = h**3 + 8*h**2 - 9*h - 1. Calculate k(-9).
-1
Let o(c) = 2*c**3 - 8*c**2 - 4*c + 7. Calculate o(4).
-9
Let v(y) = y**3 + y + 60. Give v(0).
60
Let a(c) = c**3 - 5*c**2 + 10. What is a(5)?
10
Let c(f) = 24*f**3 - f**2 - 8*f - 7. What is c(-1)?
-24
Let f(i) = 3*i + 24. What is f(-7)?
3
Let u(q) = -2*q**3 - 31*q**2 - 23*q - 119. Give u(-15).
1
Let k(r) = -r**2 - 12*r + 12. Calculate k(-10).
32
Let q(s) = -s**3 + 26*s**2 - 19*s - 158. Determine q(25).
-8
Let x(b) = 6*b - 1. Determine x(1).
5
Let b(t) = -t - 15. Calculate b(-16).
1
Let u(f) = 10*f + 118. Give u(-11).
8
Let j(q) = -8*q + 38. Give j(4).
6
Let h(m) = m**2 - 7*m - 8. Give h(9).
10
Let v(d) = 26*d + 158. Calculate v(-7).
-24
Let b(u) = 10*u + 4. Give b(1).
14
Let i(z) = z**3 + 8*z**2 + z - 10. Calculate i(-8).
-18
Let g(c) = c**2 + 2*c + 7. Determine g(-5).
22
Let r(w) = -6*w**3 + 2*w**2 - 3*w + 2. Determine r(1).
-5
Let v(c) = c**2 + 7. Give v(6).
43
Let x(f) = 3*f**2 + 4. Determine x(0).
4
Let c(o) = 2*o**2 - 3*o - 5. Calculate c(4).
15
Let w(u) = u**3 + 6*u**2 + 2*u - 5. Give w(-4).
19
Let d(m) = -16*m - 2. What is d(-3)?
46
Let z(t) = 2*t**3 + 6*t**2 - 7*t - 24. Determine z(-3).
-3
Let f(c) = -2*c**2 - 14*c + 5. Determine f(0).
5
Let d(o) = -o**2 + 48*o - 127. What is d(45)?
8
Let c(k) = k**2 + 2*k - 4. Calculate c(-5).
11
Let u(m) = -7*m**3 - m**2 + m + 1. Determine u(-1).
6
Let m(x) = 4*x**2 - 2*x - 2. Calculate m(2).
10
Let m(q) = -q**2 + 13*q - 8. Give m(13).
-8
Let h(u) = -u**3 - 36*u**2 - 38*u - 105. What is h(-35)?
0
Let w(y) = -2*y**3 - 30*y**2 - 21*y - 23. What is w(-14)?
-121
Let p(i) = i**3 + 3*i**2 - 21*i - 6. What is p(-6)?
12
Let q(x) = -x**2 + 16*x - 47. What is q(10)?
13
Let i(h) = 36*h - 77. Give i(2).
-5
Let y(l) = l + 15. Give y(15).
30
Let c(p) = -2*p**3 + 3*p**2 - 2*p. What is c(3)?
-33
Let t(b) = b**2 - 2*b - 9. Calculate t(-7).
54
Let d(w) = -4*w**2 + w + 3. What is d(4)?
-57
Let l(t) = 11*t - 4. Determine l(4).
40
Let d(g) = -g + 5. What is d(-7)?
12
Let a(n) = -2*n**2 - 3*n - 6. Determine a(-2).
-8
Let a(n) = 3*n**2 - 6*n + 2. What is a(2)?
2
Let d(q) = 2*q + 17. Calculate d(-7).
3
Let f(v) = -7*v + 76. Give f(7).
27
Let p(v) = -3*v - 6. Calculate p(-6).
12
Let i(h) = -h**2 - 5*h + 11. Give i(-6).
5
Let v(a) = 13*a**2 - 18*a + 17. Determine v(1).
12
Let b(m) = -m - 47. Determine b(16).
-63
Let n(z) = -11*z**2 + z + 2. Determine n(-3).
-100
Let v(w) = 7*w + 118. Determine v(-17).
-1
Let b(r) = 14*r + 23. What is b(4)?
79
Let g(b) = -b**2 - 10*b - 38. Calculate g(-10).
-38
Let g(t) = -t**3 + 22*t**2 + 49*t - 8. Determine g(24).
16
Let s(v) = -48*v**2 - v + 1. Determine s(1).
-48
Let o(p) = p**3 + 10*p**2 - 10*p - 12. Give o(-11).
-23
Let s(i) = i**2 + 14*i + 12. Give s(-14).
12
Let v(n) = 33*n - 144. Calculate v(4).
-12
Let t(y) = 4*y**3 + y**2 + y + 1. Determine t(-1).
-3
Let z(r) = -r**2 - r + 4. Give z(6).
-38
Let p(r) = r**3 + 12*r**2 + 21*r + 9. Give p(-10).
-1
Let q(i) = i**3 + 7*i**2 - 11*i - 2. Give q(-8).
22
Let s(r) = -r - 10. Determine s(3).
-13
Let v(s) = s**3 - 14*s**2 + s + 27. What is v(14)?
41
Let c(w) = w**3 - 3*w**2 - 8*w + 34. Give c(2).
14
Let j(a) = a**3 + 7*a**2 + 2*a + 9. What is j(-7)?
-5
Let f(t) = -t**3 + 15*t**2 + 2*t - 21. What is f(15)?
9
Let s(r) = -10*r - 83. Give s(-7).
-13
Let r(l) = l - 75. What is r(26)?
-49
Let g(a) = -a**2 + 8*a - 10. Give g(4).
6
Let m(l) = -3*l - 36. Calculate m(-8).
-12
Let d(f) = -4*f - 8. Determine d(-8).
24
Let h(z) = -3*z + 10. What is h(10)?
-20
Let n(x) = x**3 + 13*x**2 + 34*x. What is n(-4)?
8
Let q(x) = -x**3 - 24*x**2 - 24*x - 32. Calculate q(-23).
-9
Let l(w) = w + 39. Calculate l(-9).
30
Let a(f) = f**2 + 14*f - 14. Determine a(-15).
1
Let m(a) = -3*a - 33. Determine m(12).
-69
Let y(b) = -b + 7. Determine y(7).
0
Let c(p) = 2*p + 4. Determine c(4).
12
Let r(b) = -78*b - 1. Give r(1).
-79
Let b(d) = 13*d + 398. What is b(-31)?
-5
Let y(x) = -4*x - 1. Determine y(10).
-41
Let k(y) = y**3 - 27*y**2 + 94*y - 12. Calculate k(23).
34
Let q(v) = -v**2 - 2*v + 53. Calculate q(-7).
18
Let g(i) = -17*i - 41. Calculate g(-5).
44
Let r(x) = 44*x - 321. Give r(7).
-13
Let p(o) = 8*o + 223. Give p(-24).
31
Let p(l) = 38*l - 28. Give p(1).
10
Let f(b) = b**2 + 15*b - 7. What is f(-8)?
-63
Let d(z) = -z**2 - 16*z + 15. Determine d(-17).
-2
Let m(t) = -t**3 + 13*t**2 - 20*t - 15. Give m(11).
7
Let v(j) = -j**3 + 12*j**2 + 6*j - 8. Give v(12).
64
Let s(t) = -t**2 - 6*t - 11. Determine s(-8).
-27
Let d(a) = a**3 - 8*a**2 - 6*a + 14. What is d(8)?
-34
Let w(u) = -u**3 - 25*u**2 - 21*u + 60. Calculate w(-24).
-12
Let o(u) = -8*u - 14. Give o(-5).
26
Let f(b) = -b**2 - 1. Calculate f(0).
-1
Let u(a) = -a**2 + 24*a - 3. Calculate u(11).
140
Let u(r) = 4*r - 47. Determine u(16).
17
Let u(r) = r**2 - 2*r + 2. Calculate u(4).
10
Let g(a) = -18*a + 106. Determine g(7).
-20
Let y(r) = r**2 - r - 2. Calculate y(-4).
18
Let o(t) = 7*t - 14. What is o(10)?
56
Let y(p) = p**3 - p**2 - 4*p + 1. Give y(0).
1
Let u(v) = -v**2 - 4*v + 6. What is u(6)?
-54
Let q(f) = 7*f + 60. What is q(-6)?
18
Let p(o) = 5*o**2 - 12*o + 7. What is p(5)?
72
Let r(s) = s**3 - 14*s**2 - s + 30. Give r(14).
16
Let s(v) = v**3 + 12*v**2 + 25*v + 40. What is s(-10)?
-10
Let m(l) = 8*l - 50. Give m(6).
-2
Let p(q) = q**2 + 15*q - 17. Give p(-15).
-17
Let d(m) = m**3 + 16*m**2 + 17*m + 14. Give d(-15).
-16
Let a(c) = c**3 + 11*c**2 + 4*c + 27. Give a(-11).
-17
Let t(q) = -16*q - 9. Give t(4).
-73
Let l(s) = 4*s - 28. Calculate l(16).
36
Let m(a) = -46*a - 2. Determine m(2).
-94
Let y(q) = -3*q**2 + 8*q - 13. What is y(4)?
-29
Let z(f) = -f**2 + 31*f + 262. Determine z(38).
-4
Let b(t) = -t**2 + 21*t + 8. Calculate b(21).
8
Let z(p) = -p**3 - 10*p**2 + 36*p + 368. Determine z(-10).
8
Let l(n) = 5*n**2 + n - 1. What is l(2)?
21
Let r(x) = x**3 + 10*x**2 + 9*x - 3. Determine r(-9).
-3
Let o(y) = y**2 + 14*y - 5. What is o(-14)?
-5
Let i(z) = -z**3 + 25*z**2 + 116*z - 1. Calculate i(29).
-1
Let k(y) = y**3 + 15*y**2 + 14*y - 1. Give k(-14).
-1
Let z(n) = n**3 - 2*n**2 - 13*n + 3. Calculate z(5).
13
Let x(r) = -r**3 + 19*r**2 + 38*r + 62. Determine x(21).
-22
Let v(r) = r**3 - 15*r**2 - 38*r - 19. What is v(17)?
-87
Let l(c) = c**3 - 3*c**2 - c + 3. Calculate l(4).
15
Let s(r) = -r**2 - r + 10. Calculate s(0).
10
Let l(q) = -q - 51. Give l(-25).
-26
Let r(y) = -y**3 - 9*y**2 + 6*y - 28. Calculate r(-10).
12
Let l(r) = 2*r**2 + 3*r + 8. Give l(-2).
10
Let m(q) = q**2 - 11*q + 7. Give m(10).
-3
Let q(x) = -x**2 + 12*x - 31. What is q(7)?
4
Let w(f) = -4*f**2 + 4*f - 1. Calculate w(3).
-25
Let j(p) = -p**3 - 7*p**2 - 11*p - 15. Calculate j(-6).
15
Let z(l) = -l**3 - 11*l**2 - 9*l + 8. Determine z(-10).
-2
Let i(m) = -m**3 + 5*m**2 + 8*m + 1. What is i(6)?
13
Let a(r) = -r**2 - 9*r + 60. What is a(-14)?
-10
Let z(q) = -44*q + 305. Determine z(7).
-3
Let b(l) = -7*l**2 + l + 1. Give b(1).
-5
Let o(s) = s**2 - s + 31. Calculate o(0).
31
Let k(j) = 16*j**3 - j**2 - 5*j - 4. Calculate k(-1).
-16
Let i(z) = -z + 11. Calculate i(7).
4
Let h(m) = -2*m + 9. Give h(0).
9
Let s(g) = 58*g**2 - 4*g - 3. Give s(-1).
59
Let s(w) = 4*w**3 + 33*w**2 + 10*w - 13. Calculate s(-8).
-29
Let u(p) = 42*p - 1. Give u(1).
41
Let j(v) = v**3 - 9*v**2 + 10*v - 9. Give j(7).
-37
Let i(v) = -2*v**2 + 7*v + 8. Calculate i(5).
-7
Let f(r) = r - 25. Determine f(23).
-2
Let r(n) = -43*n + 158. Determine r(3).
29
Let g(k) = k**3 - 33*k**2 + 89*k + 29. Determine g(30).
-1
Let c(h) = -h**3 - 7*h**2 + 12*h - 4. Determine c(-9).
50
Let l(q) = q**3 - 6*q**2 - 13*q - 17. Give l(8).
7
Let w(h) = 5*h**2 - 2. Calculate w(-2).
18
Let c(n) = -n**3 - 14*n**2 - 24*n - 17. Determine c(-12).
-17
Let d(s) = s**3 - 5*s**2 - 16*s + 2. Calculate d(7).
-12
Let w(m) = 4*m + 28. Determine w(-7).
0
Let y(c) = c - 3. Give y(0).
-3
Let r(d) = -d**3 - 6*d**2 + 6*d - 3. Give r(-7).
4
Let c(q) = q**3 + 11*q**2 + 10*q - 6. Determine c(-10).
-6
Let t(u) = -u**3 + 6*u**2 - 6*u + 2. What is t(4)?
10
Let q(t) = -22*t - 17. What is q(-1)?
5
Let a(n) = -n**3 + n**2 + 2*n - 2. Give a(2).
-2
Let p(j) = -14*j - 1. Determine p(1).
-15
Let s(w) = -3*w**3 - 5*w**2 + w + 3. Determi